{"id":118,"date":"2019-10-26T19:57:50","date_gmt":"2019-10-26T19:57:50","guid":{"rendered":"https:\/\/www.typeandforme.de\/?page_id=118"},"modified":"2021-06-14T12:50:13","modified_gmt":"2021-06-14T12:50:13","slug":"kataloge","status":"publish","type":"page","link":"https:\/\/www.typeandforme.de\/index.php\/kataloge\/","title":{"rendered":"Kataloge"},"content":{"rendered":"\n<div class=\"wp-block-media-text alignwide is-stacked-on-mobile\" style=\"grid-template-columns:45% auto\"><figure class=\"wp-block-media-text__media\"><a href=\"https:\/\/www.typeandforme.de\/index.php\/2021\/06\/14\/ortserkundungen\/\"><img loading=\"lazy\" decoding=\"async\" width=\"466\" height=\"465\" src=\"https:\/\/www.typeandforme.de\/wp-content\/uploads\/2021\/06\/Sense-of-Place-square.jpg\" alt=\"\" class=\"wp-image-231 size-full\" srcset=\"https:\/\/www.typeandforme.de\/wp-content\/uploads\/2021\/06\/Sense-of-Place-square.jpg 466w, https:\/\/www.typeandforme.de\/wp-content\/uploads\/2021\/06\/Sense-of-Place-square-300x300.jpg 300w, https:\/\/www.typeandforme.de\/wp-content\/uploads\/2021\/06\/Sense-of-Place-square-100x100.jpg 100w\" sizes=\"auto, (max-width: 466px) 100vw, 466px\" \/><\/a><\/figure><div class=\"wp-block-media-text__content\">\n<p class=\"has-large-font-size\"><strong>Ortserkundungen<\/strong><\/p>\n\n\n\n<p>Dies ist kein traditioneller Katalog mit Reiseliteratur: entdecken Sie B\u00fccher rund um Natur, fremde Kulturen und fantastische Welten, kreiert von Schriftstellern, Dichtern, Reisenden und Fotografen der letzten hundert Jahre.<\/p>\n\n\n\n<div class=\"wp-block-buttons is-layout-flex wp-block-buttons-is-layout-flex\">\n<div class=\"wp-block-button\"><a class=\"wp-block-button__link\" href=\"https:\/\/www.typeandforme.de\/index.php\/2021\/06\/14\/ortserkundungen\/\">Zum Katalog<\/a><\/div>\n<\/div>\n<\/div><\/div>\n\n\n\n<p><br><\/p>\n\n\n\n<div class=\"wp-block-media-text alignwide has-media-on-the-right is-stacked-on-mobile\" style=\"grid-template-columns:auto 55%\"><figure class=\"wp-block-media-text__media\"><a href=\"https:\/\/www.typeandforme.de\/index.php\/2019\/12\/15\/literatur-kunst\/\"><img loading=\"lazy\" decoding=\"async\" width=\"437\" height=\"435\" src=\"https:\/\/www.typeandforme.de\/wp-content\/uploads\/2019\/12\/Literature-Illustration-thumb.png\" alt=\"\" class=\"wp-image-199 size-full\" srcset=\"https:\/\/www.typeandforme.de\/wp-content\/uploads\/2019\/12\/Literature-Illustration-thumb.png 437w, https:\/\/www.typeandforme.de\/wp-content\/uploads\/2019\/12\/Literature-Illustration-thumb-300x300.png 300w, https:\/\/www.typeandforme.de\/wp-content\/uploads\/2019\/12\/Literature-Illustration-thumb-100x100.png 100w, https:\/\/www.typeandforme.de\/wp-content\/uploads\/2019\/12\/Literature-Illustration-thumb-150x150.png 150w, https:\/\/www.typeandforme.de\/wp-content\/uploads\/2019\/12\/Literature-Illustration-thumb-151x150.png 151w\" sizes=\"auto, (max-width: 437px) 100vw, 437px\" \/><\/a><\/figure><div class=\"wp-block-media-text__content\">\n<p class=\"has-large-font-size\"><strong>Literatur &amp; Kunst<\/strong><\/p>\n\n\n\n<p>F\u00fcnf Jahrhunderte Literatur und Buchillustration, pr\u00e4sentiert in 40 Objekten: von D\u00fcrer, Goethe und William Blake bis hin Winnie the Pooh und James Bond<\/p>\n\n\n\n<div class=\"wp-block-button aligncenter\"><a class=\"wp-block-button__link\" href=\"https:\/\/www.typeandforme.de\/index.php\/2019\/12\/15\/literatur-kunst\/\">Zum Katalog<\/a><\/div>\n<\/div><\/div>\n\n\n\n<hr class=\"wp-block-separator\"\/>\n\n\n\n<div class=\"wp-block-media-text alignwide is-stacked-on-mobile has-background\" style=\"background-color:#b2bcc5;grid-template-columns:45% auto\"><figure class=\"wp-block-media-text__media\"><a href=\"https:\/\/www.typeandforme.de\/index.php\/2019\/10\/26\/joseph-banks-florilegium\/\"><img loading=\"lazy\" decoding=\"async\" width=\"362\" height=\"418\" src=\"https:\/\/www.typeandforme.de\/wp-content\/uploads\/2019\/10\/Banks-thumbnail-1.png\" alt=\"\" class=\"wp-image-133 size-full\" srcset=\"https:\/\/www.typeandforme.de\/wp-content\/uploads\/2019\/10\/Banks-thumbnail-1.png 362w, https:\/\/www.typeandforme.de\/wp-content\/uploads\/2019\/10\/Banks-thumbnail-1-130x150.png 130w\" sizes=\"auto, (max-width: 362px) 100vw, 362px\" \/><\/a><\/figure><div class=\"wp-block-media-text__content\">\n<p class=\"has-accent-2-color has-text-color has-large-font-size\"><strong>Joseph Banks&#8217; Florilegium<\/strong><\/p>\n\n\n\n<p class=\"has-accent-2-color has-text-color\">Die Pflanzen Brasiliens, Australiens, Neuseelands, der Gesellschaftsinseln und Javas durch die Augen von Captain Cooks Botaniker Joseph Banks betrachtet<\/p>\n\n\n\n<div class=\"wp-block-button aligncenter\"><a class=\"wp-block-button__link\" href=\"https:\/\/www.typeandforme.de\/index.php\/2019\/10\/26\/joseph-banks-florilegium\/\">Zum Katalog<\/a><\/div>\n\n\n\n<p><\/p>\n<\/div><\/div>\n\n\n\n<hr class=\"wp-block-separator\"\/>\n\n\n\n<div class=\"wp-block-media-text alignwide has-media-on-the-right is-stacked-on-mobile has-background\" style=\"background-color:#69635b;grid-template-columns:auto 54%\"><figure class=\"wp-block-media-text__media\"><a href=\"https:\/\/www.typeandforme.de\/index.php\/2019\/10\/27\/lawrence-von-arabien\/\"><img loading=\"lazy\" decoding=\"async\" width=\"750\" height=\"529\" src=\"https:\/\/www.typeandforme.de\/wp-content\/uploads\/2019\/10\/TEL-cover-small-750x529.png\" alt=\"\" class=\"wp-image-138 size-full\" srcset=\"https:\/\/www.typeandforme.de\/wp-content\/uploads\/2019\/10\/TEL-cover-small-750x529.png 750w, https:\/\/www.typeandforme.de\/wp-content\/uploads\/2019\/10\/TEL-cover-small-600x423.png 600w, https:\/\/www.typeandforme.de\/wp-content\/uploads\/2019\/10\/TEL-cover-small-500x353.png 500w, https:\/\/www.typeandforme.de\/wp-content\/uploads\/2019\/10\/TEL-cover-small-768x542.png 768w, https:\/\/www.typeandforme.de\/wp-content\/uploads\/2019\/10\/TEL-cover-small-213x150.png 213w, https:\/\/www.typeandforme.de\/wp-content\/uploads\/2019\/10\/TEL-cover-small.png 1186w\" sizes=\"auto, (max-width: 750px) 100vw, 750px\" \/><\/a><\/figure><div class=\"wp-block-media-text__content\">\n<p class=\"has-text-color has-background has-large-font-size\" style=\"background-color:#69635b;color:#e0d9cf\"><strong>Lawrence von Arabien<\/strong><\/p>\n\n\n\n<p class=\"has-text-color has-background\" style=\"background-color:#69635b;color:#e0d9cf\">Leben &amp; Werk des T.E. Lawrence (<em>Die sieben S\u00e4ulen der Weisheit<\/em>).<\/p>\n\n\n\n<div class=\"wp-block-button aligncenter\"><a class=\"wp-block-button__link\" href=\"https:\/\/www.typeandforme.de\/index.php\/2019\/10\/27\/lawrence-von-arabien\/\">Zum Katalog<\/a><\/div>\n\n\n\n<p><\/p>\n<\/div><\/div>\n\n\n\n<hr class=\"wp-block-separator\"\/>\n\n\n\n<div class=\"wp-block-media-text alignwide is-stacked-on-mobile has-accent-1-background-color has-background\" style=\"grid-template-columns:46% auto\"><figure class=\"wp-block-media-text__media\"><a href=\"https:\/\/www.typeandforme.de\/index.php\/2019\/10\/27\/von-afrika-bis-indien-reiseliteratur\/\"><img loading=\"lazy\" decoding=\"async\" width=\"387\" height=\"484\" src=\"https:\/\/www.typeandforme.de\/wp-content\/uploads\/2019\/10\/Travel-Exploration-small-1.jpg\" alt=\"\" class=\"wp-image-171 size-full\" srcset=\"https:\/\/www.typeandforme.de\/wp-content\/uploads\/2019\/10\/Travel-Exploration-small-1.jpg 387w, https:\/\/www.typeandforme.de\/wp-content\/uploads\/2019\/10\/Travel-Exploration-small-1-120x150.jpg 120w\" sizes=\"auto, (max-width: 387px) 100vw, 387px\" \/><\/a><\/figure><div class=\"wp-block-media-text__content\">\n<p class=\"has-text-color has-large-font-size\" style=\"color:#f9f9f9\"><strong>Reiseliteratur<\/strong><\/p>\n\n\n\n<p class=\"has-text-color\" style=\"color:#f9f9f9\">Reiseberichte der vergangenen Jahrhunderte: Weltumseglungen . Afrika, naher &amp; mittlerer Osten . China, Ostasien, Himalaya &amp; Indien . Europa . S\u00fcdamerika.<\/p>\n\n\n\n<div class=\"wp-block-button aligncenter\"><a class=\"wp-block-button__link\" href=\"https:\/\/www.typeandforme.de\/index.php\/2019\/10\/27\/von-afrika-bis-indien-reiseliteratur\/\">Zum Katalog<\/a><\/div>\n<\/div><\/div>\n","protected":false},"excerpt":{"rendered":"","protected":false},"author":1,"featured_media":0,"parent":0,"menu_order":0,"comment_status":"closed","ping_status":"closed","template":"","meta":{"footnotes":""},"class_list":["post-118","page","type-page","status-publish","hentry"],"_links":{"self":[{"href":"https:\/\/www.typeandforme.de\/index.php\/wp-json\/wp\/v2\/pages\/118","targetHints":{"allow":["GET"]}}],"collection":[{"href":"https:\/\/www.typeandforme.de\/index.php\/wp-json\/wp\/v2\/pages"}],"about":[{"href":"https:\/\/www.typeandforme.de\/index.php\/wp-json\/wp\/v2\/types\/page"}],"author":[{"embeddable":true,"href":"https:\/\/www.typeandforme.de\/index.php\/wp-json\/wp\/v2\/users\/1"}],"replies":[{"embeddable":true,"href":"https:\/\/www.typeandforme.de\/index.php\/wp-json\/wp\/v2\/comments?post=118"}],"version-history":[{"count":28,"href":"https:\/\/www.typeandforme.de\/index.php\/wp-json\/wp\/v2\/pages\/118\/revisions"}],"predecessor-version":[{"id":244,"href":"https:\/\/www.typeandforme.de\/index.php\/wp-json\/wp\/v2\/pages\/118\/revisions\/244"}],"wp:attachment":[{"href":"https:\/\/www.typeandforme.de\/index.php\/wp-json\/wp\/v2\/media?parent=118"}],"curies":[{"name":"wp","href":"https:\/\/api.w.org\/{rel}","templated":true}]}}